{"id":2,"date":"2018-11-28T12:07:41","date_gmt":"2018-11-28T12:07:41","guid":{"rendered":"http:\/\/www.eakad.ee\/kohtla-jarve\/?page_id=2"},"modified":"2018-12-13T07:11:31","modified_gmt":"2018-12-13T07:11:31","slug":"kontakt","status":"publish","type":"page","link":"http:\/\/www.eakad.ee\/kohtla-jarve\/kontakt\/","title":{"rendered":"Kontakt"},"content":{"rendered":"<p>Kalevi 16-6 Kohtla-J\u00e4rve, 30325<\/p>\n<p><strong>MT\u00dc Kohtla-J\u00e4rve Pension\u00e4ride Liit.<\/strong><\/p>\n<p>&nbsp;<\/p>\n<p>&nbsp;<\/p>\n","protected":false},"excerpt":{"rendered":"<p>Kalevi 16-6 Kohtla-J\u00e4rve, 30325 MT\u00dc Kohtla-J\u00e4rve Pension\u00e4ride Liit. &nbsp; &nbsp;<\/p>\n","protected":false},"author":3,"featured_media":0,"parent":0,"menu_order":0,"comment_status":"closed","ping_status":"open","template":"","meta":{"footnotes":""},"class_list":["post-2","page","type-page","status-publish","hentry"],"_links":{"self":[{"href":"http:\/\/www.eakad.ee\/kohtla-jarve\/wp-json\/wp\/v2\/pages\/2","targetHints":{"allow":["GET"]}}],"collection":[{"href":"http:\/\/www.eakad.ee\/kohtla-jarve\/wp-json\/wp\/v2\/pages"}],"about":[{"href":"http:\/\/www.eakad.ee\/kohtla-jarve\/wp-json\/wp\/v2\/types\/page"}],"author":[{"embeddable":true,"href":"http:\/\/www.eakad.ee\/kohtla-jarve\/wp-json\/wp\/v2\/users\/3"}],"replies":[{"embeddable":true,"href":"http:\/\/www.eakad.ee\/kohtla-jarve\/wp-json\/wp\/v2\/comments?post=2"}],"version-history":[{"count":2,"href":"http:\/\/www.eakad.ee\/kohtla-jarve\/wp-json\/wp\/v2\/pages\/2\/revisions"}],"predecessor-version":[{"id":15,"href":"http:\/\/www.eakad.ee\/kohtla-jarve\/wp-json\/wp\/v2\/pages\/2\/revisions\/15"}],"wp:attachment":[{"href":"http:\/\/www.eakad.ee\/kohtla-jarve\/wp-json\/wp\/v2\/media?parent=2"}],"curies":[{"name":"wp","href":"https:\/\/api.w.org\/{rel}","templated":true}]}}